ime factors of x(t).
2, 13
What are the prime factors of (-37)/((-1780)/(-255) - 7)?
3, 17, 37
Let r(b) = -3*b - 14. Let s be 2 - (4 - -155)/(-3). Suppose -d + s = -6*d. List the prime factors of r(d).
19
Let j be (-8)/(0 - 4 - -5). Let h = 71 + j. Suppose -4*g - 102 = -2*l, -l + h = -2*g + 6*g. List the prime factors of l.
5, 11
Suppose 184 + 302 = 3*q - 4*x, -x = -4*q + 635. Let f = q + -138. List the prime factors of f.
2, 5
Suppose -5*f + 5*h - 45 = 0, -h - 1 = 2*f + 2. Let g be f + -171 - (5 + -8). Let t = -105 - g. What are the prime factors of t?
67
Let t = -309 - -421. What are the prime factors of t?
2, 7
Let r(p) = 3*p**2 + 45*p - 48. List the prime factors of r(-26).
2, 3, 5
Let g(c) = 2*c + 17. Let m be g(-10). List the prime factors of 42 + (-3)/m*1.
43
Let c(v) = -2*v**2 - 8*v + 3. Let a(k) = k**2 - 1. Let s(z) = -3*a(z) - c(z). Let x be 9 - -1 - (-1 - (-4 + 0)). List the prime factors of s(x).
7
Suppose 3*v - 4*y = 456, -y - 9 = -v + 144. Let w = v - -25. What are the prime factors of w?
181
Let z = 785 - 230. What are the prime factors of z?
3, 5, 37
Suppose -3*v = -438 - 810. Let t be v/72 + (-2)/(-9). Suppose 5*h - t*h = -15. What are the prime factors of h?
3, 5
Let b be (4/12)/(1/3). What are the prime factors of (b/(274/(-91) + 3))/(-1)?
7, 13
What are the prime factors of (-24)/(-1)*5005/572?
2, 3, 5, 7
Let m(f) = 14*f**2 + 2*f + 17. Let s be (-30)/12*24/(-15). What are the prime factors of m(s)?
3, 83
Suppose -1867 = 294*k - 295*k. What are the prime factors of k?
1867
Let v = 10474 + -6465. List the prime factors of v.
19, 211
Suppose 3*q + 6 = 4*l, 2*l + 2 = 4*q + 10. Suppose l = -2*o + o + 24. What are the prime factors of o/18 - (-4)/6?
2
Let n(m) = -47*m + 12. Let f be n(-6). Let u = -128 + f. Suppose -58 = 3*v - u. What are the prime factors of v?
2, 3
Let h be 2 + (2 + -3 + -83)/(-1). Let p = 6 + h. What are the prime factors of p?
2, 23
Let w = 268 + -56. Suppose 8*a - 524 = -w. List the prime factors of a.
3, 13
Let y(v) = -10*v**3 + 43*v**2 - 15*v + 69. Let b(i) = -7*i**3 + 29*i**2 - 10*i + 46. Let k(l) = -7*b(l) + 5*y(l). List the prime factors of k(11).
89
Let b(p) = 138*p + 32. List the prime factors of b(2).
2, 7, 11
Let p be (-6 - -9)*(-2 + 3). Suppose -p*f - b = 2*f + 463, -2*f + 2*b = 178. Let t = 154 + f. What are the prime factors of t?
2, 31
Suppose 6*p - 6534 = -5*p. List the prime factors of p.
2, 3, 11
Let v(k) = 68*k**2 - 3*k + 6. List the prime factors of v(-3).
3, 11, 19
Suppose -3 = 2*i - 7. What are the prime factors of 17 - ((-2)/(-4))/(1/i)?
2
Let y(p) = 21*p + 2. Let g be (-10)/15*1 + 8/3. What are the prime factors of y(g)?
2, 11
Let m(i) = -2*i**2 + 6*i - 11. Let j be m(-5). Let b = j + 174. What are the prime factors of b?
83
Let c = 856 - 800. List the prime factors of c.
2, 7
List the prime factors of (-2)/(-8) + (-3453)/(-12).
2, 3
Let l(w) = -105*w + 5. Let d be l(-3). Suppose -5*b = -2*c - d, -5*b + 227 = 4*c - 63. List the prime factors of b.
2, 31
Let t = -6 + 6. Let q be (1 - 6)*(-1 + t). Suppose q*c - 5*o - 105 = 0, -c - 2*o + 15 = -18. List the prime factors of c.
5
Let t = 30 + -30. Suppose 2*c + 2*c + 20 = t. List the prime factors of (-4)/8*(c - 7).
2, 3
Let d be ((-48)/(-40))/((-2)/(-5)). Suppose d*z = 694 - 226. List the prime factors of z.
2, 3, 13
Suppose 4*k - 7 = -v - 0*v, -8 = -5*k - 2*v. Suppose -5*p = -k*p - 39. Let j = -7 + p. List the prime factors of j.
2, 3
List the prime factors of 794 + 40/(25/(-5)).
2, 3, 131
Suppose 0 = -4*z + z + 93. Let c = 17 + -34. Let w = z + c. List the prime factors of w.
2, 7
Suppose -33*q + 2174 = -30*q - 2*a, -q = 4*a - 706. List the prime factors of q.
2, 19
Let v = 678 - -212. List the prime factors of v.
2, 5, 89
Let i(m) = m**3 - 6*m**2 - 12*m + 14. Let r(s) = -10*s**3 + s**2 + 2*s. Let g be r(-1). What are the prime factors of i(g)?
149
Suppose 261 = 4*b + 17. Let x be 1*(4 + 1 + -2). Suppose 0 = x*y - b - 2. List the prime factors of y.
3, 7
Let a = 5934 - 3169. List the prime factors of a.
5, 7, 79
Let g = 153 + 127. What are the prime factors of g?
2, 5, 7
Suppose -2*t + 530 = 4*z - 7*t, 0 = 3*z - t - 403. Let h = z + -84. List the prime factors of h.
3, 17
Suppose 25*k - 15*k = -200. Let j(v) = 18*v**2 + v. Let y be j(-1). Let r = y - k. What are the prime factors of r?
37
Let j(l) = -l**2 - 10*l. Let z be j(-10). Let q be z*(-4 + 6/2). Suppose 2*o - 4*w = 32, q = 4*w + w + 10. List the prime factors of o.
2, 3
Let r(g) = -g**2 + 1. Let z be r(-1). Suppose 3*j - 107 = 2*u, z = j + 3*u + 22 - 76. List the prime factors of j.
3, 13
Suppose -20*n + 19760 + 18460 = 0. List the prime factors of n.
3, 7, 13
Let x(j) = 471*j - 174. What are the prime factors of x(8)?
2, 3, 599
Suppose -p - 18 = -0*p. Let f = p + 9. Let l = f - -28. List the prime factors of l.
19
Suppose -764 = -3*v + 1261. Suppose -4*w - 5*y + 663 = -2*y, -4*w = -y - v. List the prime factors of w.
2, 3, 7
Let l be (2*(-4)/8)/1. Let y be (15/25)/(l/(-5)). List the prime factors of y/(45/(-66))*-5.
2, 11
Suppose 0*m - m = 6. Let u be 46/(-8) - (-1)/4*-1. What are the prime factors of ((-2)/u)/(m/(-180))?
2, 5
Suppose -3*a = 5*h - 12 - 4, -h - 52 = -4*a. Suppose 0 = k + 3*u - 7, -3*k - 2*u = -a - 9. Suppose 0 = 3*n - 38 - k. List the prime factors of n.
3, 5
Let n(t) = 12*t + 88. Let c be n(-6). Let l(r) be the third derivative of -r**6/120 + r**5/4 + 3*r**4/4 + r**3 - 2*r**2. List the prime factors of l(c).
2, 19
Let u(a) = -a**3 + a**2 + 2*a. Let h be u(2). What are the prime factors of ((-3)/(-3) + 0)*(32 + h)?
2
Suppose -2*z - 2*k = 3*z - 26, -4*z + 3*k = -7. Suppose 2*f = z*f + 18. Let g(r) = r + 13. List the prime factors of g(f).
2
Let p(i) = -16*i + 49. List the prime factors of p(0).
7
Suppose -108*d = -109*d + 297. List the prime factors of d.
3, 11
Let a(f) = 2*f + 10. Let m be a(-4). Suppose -m*t = 4*l + 2*t - 60, -l = -4*t. List the prime factors of l.
2, 3
Let m = 2816 + -831. List the prime factors of m.
5, 397
Suppose -17*u - 24 = -20*u. Suppose -u = 2*b - 6*b, -100 = -4*y + 4*b. List the prime factors of y.
3
Suppose -5*b = -4*j + 142, -3*j = -4*j - 5*b + 23. Let l(w) = 11*w**2 + 3*w - 1. Let t be l(2). Let y = t - j. What are the prime factors of y?
2
Let m(r) = 10*r**3 - 5*r**2 + 8*r - 2. What are the prime factors of m(4)?
2, 5, 59
Let v = -74 + 113. Suppose 3*k + v + 3 = 0. Let s = k - -29. What are the prime factors of s?
3, 5
Suppose 0 = 13*c - 10*c + 6. Let a be 1/((-1)/c) + 1. Suppose a*r + 13 - 64 = 0. What are the prime factors of r?
17
Let l(i) be the third derivative of -i**5/60 - i**4/3 + 5*i**2. Let o be l(-7). Let g = 4 + o. List the prime factors of g.
11
Let w be 6*-18 + (-18 - -21). Suppose 0 = -u + 3*u - 6. List the prime factors of (1 + w/(-9))*u.
2, 19
Let c(g) = -g - 1. Let w be c(-7). Suppose -2*s = 2*s + 20, 3*s = -2*p + 65. Suppose -u + w*u = p. List the prime factors of u.
2
Suppose 4*o - 8*o = 0. Suppose -14*g + 6*g + 168 = o. What are the prime factors of g?
3, 7
Let y be 13/1*1/(-1). Let o(m) = 2*m**2 - 6*m - 27. Let r be o(7). Let f = r + y. List the prime factors of f.
2
Let r(p) = 5*p**3 - 3*p**2 + 11*p + 8. Let q(z) = 4*z**3 - 4*z**2 + 10*z + 7. Let a(j) = -4*q(j) + 3*r(j). What are the prime factors of a(4)?
2
Let a = -660 - -945. Suppose -g + 4*d = -89, 7*d = 3*g + 4*d - a. List the prime factors of g.
97
Let n = -35 + 67. Suppose -p + n = 3*q, -5*q + 2 + 6 = -p. What are the prime factors of p?
17
Suppose 0 = 4*b + 5*r - 1112, -12*r = -15*r. What are the prime factors of b?
2, 139
Let c(y) = -y + 32. What are the prime factors of c(0)?
2
Let f(i) = 4*i - 7. Let d(z) = -17*z + 29. Let w(v) = -2*d(v) - 9*f(v). Suppose -255*p + 260*p = -25. What are the prime factors of w(p)?
3, 5
Let v be (2 - 1) + (-7)/(14/12). Let y(q) = -q**3 - 2*q**2 - 6*q - 23. List the prime factors of y(v).
2, 41
Let a(g) = g**2 - 5*g - 4. Let h be a(6). Suppose 0 = -3*s - 0*s - w + 416, 2*w = -h. List the prime factors of s.
139
Let i(f) = 33*f + 55. What are the prime factors of i(12)?
11, 41
Let p(y) = -y**2 + y + 1. Let b be p(1). Suppose -c - 3 = -b, 4*i = 5*c - 14. List the prime factors of (-92)/i*(-24)/(-16).
23
Suppose 26*k - 40*k + 34118 = 0. What are the prime factors of k?
2437
Suppose -4*r = -5*n + 120, -7*n - 115 = -12*n 